hundreds digit of 19330310?
3
What is the thousands digit of 10498074?
8
What is the tens digit of 109208?
0
What is the tens digit of 1919912?
1
What is the ten thousands digit of 47890?
4
What is the hundreds digit of 1431220?
2
What is the tens digit of 1332601?
0
What is the thousands digit of 3348747?
8
What is the units digit of 2339149?
9
What is the tens digit of 168731?
3
What is the ten thousands digit of 108158?
0
What is the units digit of 87200?
0
What is the tens digit of 1810982?
8
What is the ten thousands digit of 554617?
5
What is the ten thousands digit of 289835?
8
What is the tens digit of 3480742?
4
What is the units digit of 398470?
0
What is the hundreds digit of 737933?
9
What is the hundred thousands digit of 113145?
1
What is the units digit of 6247?
7
What is the tens digit of 33380?
8
What is the ten thousands digit of 12797606?
9
What is the ten thousands digit of 16587098?
8
What is the tens digit of 12448236?
3
What is the thousands digit of 2244338?
4
What is the millions digit of 4972299?
4
What is the thousands digit of 118809?
8
What is the hundreds digit of 52021?
0
What is the ten thousands digit of 1079731?
7
What is the millions digit of 10176950?
0
What is the tens digit of 4871609?
0
What is the thousands digit of 28474326?
4
What is the units digit of 2961711?
1
What is the hundreds digit of 548250?
2
What is the hundred thousands digit of 236935?
2
What is the hundreds digit of 8730523?
5
What is the hundred thousands digit of 1148056?
1
What is the hundreds digit of 18513396?
3
What is the thousands digit of 394068?
4
What is the thousands digit of 5072267?
2
What is the tens digit of 32291?
9
What is the units digit of 1323849?
9
What is the units digit of 1626699?
9
What is the millions digit of 2903081?
2
What is the thousands digit of 16004186?
4
What is the hundred thousands digit of 14053083?
0
What is the tens digit of 489165?
6
What is the thousands digit of 1906656?
6
What is the units digit of 1367998?
8
What is the tens digit of 19271?
7
What is the units digit of 38448293?
3
What is the hundred thousands digit of 1044841?
0
What is the hundreds digit of 42426679?
6
What is the thousands digit of 3552262?
2
What is the ten thousands digit of 3226749?
2
What is the hundreds digit of 1329935?
9
What is the units digit of 3450804?
4
What is the units digit of 54595?
5
What is the thousands digit of 203408?
3
What is the hundred thousands digit of 317912?
3
What is the hundreds digit of 67015?
0
What is the thousands digit of 633586?
3
What is the thousands digit of 942962?
2
What is the units digit of 15128?
8
What is the millions digit of 2177904?
2
What is the tens digit of 586364?
6
What is the hundreds digit of 139074?
0
What is the hundred thousands digit of 210609?
2
What is the hundred thousands digit of 6174725?
1
What is the hundreds digit of 2864996?
9
What is the hundred thousands digit of 681323?
6
What is the hundreds digit of 387177?
1
What is the thousands digit of 157735?
7
What is the thousands digit of 951912?
1
What is the hundreds digit of 1895581?
5
What is the ten thousands digit of 2759735?
5
What is the units digit of 2628068?
8
What is the hundreds digit of 2135183?
1
What is the hundreds digit of 165964?
9
What is the tens digit of 425585?
8
What is the hundreds digit of 27668304?
3
What is the ten thousands digit of 5366540?
6
What is the thousands digit of 6849544?
9
What is the tens digit of 240389?
8
What is the tens digit of 1520118?
1
What is the hundreds digit of 8133382?
3
What is the tens digit of 27940101?
0
What is the ten thousands digit of 665502?
6
What is the ten thousands digit of 1211646?
1
What is the units digit of 919815?
5
What is the ten millions digit of 30870047?
3
What is the ten thousands digit of 2882196?
8
What is the units digit of 58179?
9
What is the hundreds digit of 53730?
7
What is the ten thousands digit of 45073?
4
What is the hundreds digit of 59069?
0
What is the thousands digit of 1193114?
3
What is the thousands digit of 32844?
2
What is the units digit of 43281?
1
What is the hundreds digit of 432806?
8
What is the units digit of 2778147?
7
What is the hundred thousands digit of 443990?
4
What is the thousands digit of 845771?
5
What is the tens digit of 339951?
5
What is the millions digit of 2103214?
2
What is the tens digit of 11213727?
2
What is the units digit of 1326690?
0
What is the tens digit of 1354746?
4
What is the hundreds digit of 1247508?
5
What is the hundreds digit of 1382651?
6
What is the hundred thousands digit of 968149?
9
What is the units digit of 5543177?
7
What is the units digit of 3133720?
0
What is the ten thousands digit of 214385?
1
What is the ten thousands digit of 12354052?
5
What is the units digit of 551681?
1
What is the hundred thousands digit of 146304?
1
What is the millions digit of 6484395?
6
What is the hundred thousands digit of 1225801?
2
What is the millions digit of 2167657?
2
What is the thousands digit of 557555?
7
What is the ten thousands digit of 864671?
6
What is the ten thousands digit of 9077393?
7
What is the thousands digit of 442846?
2
What is the tens digit of 388484?
8
What is the units digit of 489996?
6
What is the units digit of 316917?
7
What is the hundred thousands digit of 2456772?
4
What is the thousands digit of 380881?
0
What is the millions digit of 4768762?
4
What is the ten thousands digit of 369622?
6
What is the hundreds digit of 3301990?
9
What is the thousands digit of 750049?
0
What is the ten thousands digit of 676011?
7
What is the hundreds digit of 2172448?
4
What is the ten thousands digit of 177309?
7
What is the units digit of 629231?
1
What is the units digit of 3751214?
4
What is the thousands digit of 188148?
8
What is the hundreds digit of 3998832?
8
What is the ten thousands digit of 18395528?
9
What is the thousands digit of 309817?
9
What is the units digit of 43755?
5
What is the units digit of 273462?
2
What is the tens digit of 123045?
4
What is the ten thousands digit of 37737?
3
What is the units digit of 4142379?
9
What is the hundred thousands digit of 3904596?
9
What is the hundred thousands digit of 13689959?
6
What is the ten thousands digit of 5410631?
1
What is the millions digit of 3720507?
3
What is the thousands digit of 2723033?
3
What is the ten thousands digit of 400348?
0
What is the ten thousands digit of 7783045?
8
What is the hundred thousands digit of 521773?
5
What is the hundreds digit of 367692?
6
What is the units digit of 150536?
6
What is the thousands digit of 288337?
8
What is the tens digit of 20772450?
5
What is the hundred thousands digit of 783533?
7
What is the ten thousands digit of 4222543?
2
What is the hundred thousands digit of 325012?
3
What is the thousands digit of 402664?
2
What is the hundreds digit of 1225237?
2
What is the ten thousands digit of 31393?
3
What is the tens digit of 227?
2
What is the millions digit of 3671767?
3
What is the millions digit of 1112071?
1
What is the thousands digit of 774734?
4
What is the ten thousands digit of 992361?
9
What is the tens digit of 635642?
4
What is the tens digit of 2371445?
4
What is the units digit of 587514?
4
What is the millions digit of 8860007?
8
What is the thousands digit of 2197122?
7
What is the tens digit of 17901790?
9
What is the hundreds digit of 666095?
0
What is the ten thousands digit of 665023?
6
What is the tens digit of 660395?
9
What is the units digit of 404715?
5
What is the ten millions digit of 12825090?
1
What is the ten thousands digit of 35104?
3
What is the ten millions digit of 17893794?
1
What is the thousands digit of 120367?
0
What is the hundred thousands digit of 483852?
4
What is the units digit of 4270031?
1
What is the hundred thousands digit of 280418?
2
What is the thousands digit of 694246?
4
What is the units digit of 646626?
6
What is the hundred thousands digit of 7799130?
7
What is the tens digit of 246718?
1
What is the thousands digit of 925330?
5
What is the hundreds digit of 549587?
5
What is the thousands digit of 1044039?
4
What is the units digit of 1758028?
8
What is the tens digit of 459310?
1
What is the hundreds digit of 367897?
8
What is the tens digit of 1194100?
0
What is the tens